 373
What are the prime factors of 791992?
2, 98999
List the prime factors of 353318.
2, 7, 25237
List the prime factors of 1108882.
2, 571, 971
List the prime factors of 5697321.
3, 7, 19, 109, 131
What are the prime factors of 34753?
23, 1511
List the prime factors of 17090645.
5, 11, 13, 41, 53
List the prime factors of 540489.
3, 67, 2689
What are the prime factors of 1620129?
3, 7, 179, 431
List the prime factors of 307244.
2, 7, 10973
What are the prime factors of 12460680?
2, 3, 5, 34613
What are the prime factors of 542570?
2, 5, 7, 23, 337
What are the prime factors of 184035?
3, 5, 12269
List the prime factors of 8494508.
2, 11, 193057
What are the prime factors of 15665900?
2, 5, 156659
List the prime factors of 888985.
5, 177797
What are the prime factors of 203559?
3, 67853
What are the prime factors of 11298305?
5, 113, 19997
What are the prime factors of 696791?
53, 13147
What are the prime factors of 7792991?
191, 40801
What are the prime factors of 2966527?
19, 43, 3631
What are the prime factors of 8179364?
2, 2044841
List the prime factors of 5298915.
3, 5, 457, 773
What are the prime factors of 529584?
2, 3, 11, 17, 59
What are the prime factors of 3793885?
5, 71, 10687
What are the prime factors of 260360?
2, 5, 23, 283
List the prime factors of 289764.
2, 3, 2683
What are the prime factors of 179363?
83, 2161
What are the prime factors of 8182474?
2, 17, 59, 4079
What are the prime factors of 1610062?
2, 805031
List the prime factors of 1935454.
2, 19, 31, 53
What are the prime factors of 9762351?
3, 3254117
List the prime factors of 5472199.
5472199
List the prime factors of 4397239.
7, 11, 57107
What are the prime factors of 34069459?
43, 359, 2207
List the prime factors of 4203441.
3, 11, 14153
List the prime factors of 164191.
164191
List the prime factors of 187602.
2, 3, 31267
What are the prime factors of 8812452?
2, 3, 11, 101, 661
List the prime factors of 2113483.
89, 23747
List the prime factors of 9970109.
17, 23, 43, 593
What are the prime factors of 18800138?
2, 7, 331, 4057
List the prime factors of 22890641.
22890641
List the prime factors of 15479131.
15479131
List the prime factors of 1197287.
7, 13, 59, 223
List the prime factors of 5832918.
2, 3, 7, 13, 1187
List the prime factors of 661641.
3, 23, 43, 223
What are the prime factors of 1012064?
2, 31627
List the prime factors of 200573.
200573
What are the prime factors of 19567?
17, 1151
What are the prime factors of 15929886?
2, 3, 7, 379283
List the prime factors of 3178226.
2, 29, 37, 1481
What are the prime factors of 5742350?
2, 5, 114847
What are the prime factors of 71632?
2, 11, 37
What are the prime factors of 632462?
2, 31, 101
List the prime factors of 725478.
2, 3, 13, 71, 131
List the prime factors of 1825383.
3, 7, 86923
What are the prime factors of 204855?
3, 5, 7, 1951
What are the prime factors of 24486691?
67, 365473
What are the prime factors of 44633699?
11, 43, 197, 479
What are the prime factors of 22474477?
359, 62603
What are the prime factors of 1645629?
3, 548543
List the prime factors of 106436.
2, 11, 41, 59
What are the prime factors of 658871?
658871
What are the prime factors of 2450759?
2450759
What are the prime factors of 900277?
7, 19, 967
What are the prime factors of 212021?
19, 11159
List the prime factors of 1101713.
353, 3121
List the prime factors of 260652.
2, 3, 7, 29, 107
List the prime factors of 833116.
2, 208279
List the prime factors of 60964.
2, 15241
List the prime factors of 9215751.
3, 17, 180701
List the prime factors of 9250102.
2, 1201, 3851
What are the prime factors of 31288377?
3, 10429459
List the prime factors of 300266.
2, 29, 31, 167
List the prime factors of 271609.
13, 17, 1229
What are the prime factors of 463177?
11, 13, 41, 79
List the prime factors of 211373.
211373
List the prime factors of 1559595.
3, 5, 173, 601
List the prime factors of 664709.
29, 22921
What are the prime factors of 18940?
2, 5, 947
List the prime factors of 10480403.
397, 26399
What are the prime factors of 493027?
493027
List the prime factors of 1256869.
19, 83, 797
List the prime factors of 3715504.
2, 13, 17863
What are the prime factors of 576045?
3, 5, 17, 251
List the prime factors of 7710828.
2, 3, 59, 10891
What are the prime factors of 10217620?
2, 5, 7, 59, 1237
List the prime factors of 3873472.
2, 29, 2087
What are the prime factors of 21777261?
3, 11, 659917
What are the prime factors of 502042?
2, 283, 887
List the prime factors of 4121720.
2, 5, 103043
What are the prime factors of 274317?
3, 61, 1499
List the prime factors of 3243260.
2, 5, 17, 9539
List the prime factors of 1069711.
43, 24877
What are the prime factors of 3519630?
2, 3, 5, 39107
What are the prime factors of 181933?
43, 4231
What are the prime factors of 2638194?
2, 3, 13, 149, 227
What are the prime factors of 13099842?
2, 3, 7, 103967
List the prime factors of 229160.
2, 5, 17, 337
What are the prime factors of 1532897?
199, 7703
List the prime factors of 14718327.
3, 13, 377393
List the prime factors of 7512498.
2, 3, 7, 109, 547
What are the prime factors of 1951942?
2, 43, 22697
What are the prime factors of 4671343?
73, 89, 719
List the prime factors of 573093.
3, 37, 1721
What are the prime factors of 337225?
5, 7, 41, 47
List the prime factors of 319470.
2, 3, 5, 23, 463
List the prime factors of 80597.
11, 17, 431
What are the prime factors of 1167507?
3, 11, 3931
What are the prime factors of 5865096?
2, 3, 244379
List the prime factors of 899983.
7, 18367
What are the prime factors of 34475421?
3, 11491807
List the prime factors of 144375.
3, 5, 7, 11
List the prime factors of 6282957.
3, 137, 15287
List the prime factors of 4673.
4673
What are the prime factors of 989603?
61, 16223
What are the prime factors of 1191993?
3, 11, 41, 881
List the prime factors of 1018684.
2, 37, 6883
List the prime factors of 1192680.
2, 3, 5, 3313
What are the prime factors of 298582?
2, 337, 443
List the prime factors of 577426.
2, 61, 4733
List the prime factors of 177038.
2, 17, 41, 127
What are the prime factors of 239086?
2, 173, 691
What are the prime factors of 808445?
5, 11, 14699
What are the prime factors of 8808337?
199, 44263
What are the prime factors of 447806?
2, 223903
What are the prime factors of 1210455?
3, 5, 37, 727
What are the prime factors of 1701780?
2, 3, 5, 113, 251
List the prime factors of 35828766.
2, 3, 1990487
What are the prime factors of 237455?
5, 47491
What are the prime factors of 4446882?
2, 3, 11, 37, 607
What are the prime factors of 1220842?
2, 7, 29, 31, 97
List the prime factors of 199986.
2, 3, 33331
List the prime factors of 1789107.
3, 596369
What are the prime factors of 8406252?
2, 3, 37, 6311
List the prime factors of 356343.
3, 13, 9137
List the prime factors of 16793762.
2, 8396881
List the prime factors of 2371845.
3, 5, 7, 461
List the prime factors of 568461.
3, 19, 9973
What are the prime factors of 268751?
7, 38393
What are the prime factors of 21811833?
3, 17, 37, 3853
What are the prime factors of 5739080?
2, 5, 143477
List the prime factors of 31946745.
3, 5, 2129783
What are the prime factors of 272603?
272603
What are the prime factors of 151001?
31, 4871
List the prime factors of 59656.
2, 7457
What are the prime factors of 17619060?
2, 3, 5, 293651
What are the prime factors of 4937232?
2, 3, 102859
List the prime factors of 12444946.
2, 6222473
What are the prime factors of 6753073?
1787, 3779
What are the prime factors of 3478039?
3478039
What are the prime factors of 509031?
3, 17, 1109
List the prime factors of 5095375.
5, 40763
What are the prime factors of 12297352?
2, 1537169
What are the prime factors of 4527892?
2, 1131973
List the prime factors of 667570.
2, 5, 241, 277
What are the prime factors of 254899?
254899
List the prime factors of 1747421.
13, 134417
List the prime factors of 4213980.
2, 3, 5, 41, 571
List the prime factors of 814421.
103, 7907
What are the prime factors of 213768?
2, 3, 2969
What are the prime factors of 4054446?
2, 3, 11, 20477
What are the prime factors of 1456611?
3, 13, 17
List the prime factors of 7140841.
7140841
List the prime factors of 506092.
2, 23, 5501
What are the prime factors of 26914?
2, 13457
What are the prime fa